k be -215*2/(-90) - (-4)/n. Let g(y) = y**2 - 2*y + 7. Determine g(k).
22
Let s(t) = 0 + 0*t - 18 - 10*t + t + 4*t. Give s(-5).
7
Let a(y) = -y**3 - y**2 + 11*y + 1. Let i = -4144 + 4140. Determine a(i).
5
Suppose 0 = 3*t - 4*w + 42, -23 = 2*t + 4*w + 65. Let o(a) = 2*a**2 + 55*a. Calculate o(t).
-78
Let k(h) = -53*h**2 - 3*h - 2. Let c = -4768 - -4767. Calculate k(c).
-52
Let c(x) = x**2 + 13*x + 45. Let k be c(-6). Suppose k*y = -3*t + 12 - 3, t = 4*y - 2. Let n(b) = 5*b**2 - 2*b - 1. What is n(t)?
15
Suppose 369 = -2*f + 2*q + 383, -2*f = q - 11. Let g(n) be the third derivative of -n**6/120 + n**5/12 + 5*n**4/24 + 4*n**3/3 - 2*n**2. Determine g(f).
2
Let f(j) = 2*j**3 + j**2 - j + 4. Let m be 11/((-22)/28) + 5 - -6. Determine f(m).
-38
Let k(d) = -4858*d - 114*d**3 - 4857*d + 9715*d + 1 - 2. What is k(1)?
-115
Let u(i) be the third derivative of 240*i**2 - 1/2*i**3 + 5/24*i**4 + 0*i + 0. Calculate u(6).
27
Let o(c) = 2*c + 3. Suppose -4*b = 2 + 6. Let v be o(b). Let g(a) = -8*a**3 + 1 - 4*a**2 + 12*a**2 + a**2 + 6*a**3 - 2*a**2 - 8*a**2. What is g(v)?
2
Let a(r) = 47*r - 18. Let q(p) = 173*p - 70. Let b(d) = -22*a(d) + 6*q(d). What is b(7)?
4
Let u(a) = -3*a**3 - 10*a**2 - 5*a + 7. Let f be u(-6). Let d(l) = 332*l - 3 - l**2 - f*l + 0. Give d(6).
3
Let i(q) be the third derivative of -q**7/840 + q**6/120 - q**5/60 + 127*q**3/6 + 114*q**2. Let g(z) be the first derivative of i(z). Calculate g(2).
0
Let c(l) = 2 + 1 + 3*l**2 + l - 4. Let y(k) = -k**3 + 4*k**2 + 23*k - 73. Let a be y(3). Suppose 5*z - 23 = v + v, -z + a = 0. Determine c(v).
3
Suppose 0 = 7*u + 61 - 47. Let q(h) be the third derivative of -h**6/120 - h**5/60 + h**4/24 + h**3/2 - h**2. Calculate q(u).
5
Let v(m) be the third derivative of -m**9/10080 - m**8/20160 + m**7/5040 + 3*m**5/4 - 96*m**2. Let b(w) be the third derivative of v(w). Calculate b(1).
-6
Let g(z) = -8091*z**2 + 12 + 80*z - 83*z + 8089*z**2. What is g(-4)?
-8
Let f = 9039 - 9045. Suppose -5*b = -6 - 4, -b = 3*h - 11. Let v(y) = -2*y - h*y + 2*y - 4*y**2 + 5 + 3*y**2. Determine v(f).
-13
Let g(z) be the third derivative of -23*z**4/24 + z**2 + 48*z. Let o(p) = -p + 12. Let m be o(11). Give g(m).
-23
Let q(a) = a**3 - 5*a**2 - a + 1. Let d be q(5). Let x(c) = -5*c + 48*c - c**2 - 44*c + 7. Give x(d).
-5
Let i(d) = -d**3 + 12*d**2 + 10*d + 36. Let h be (6/(30/25) - -12) + 1 + -5. What is i(h)?
-3
Let d = -38268 - -38273. Let f(x) be the second derivative of 1/6*x**3 - 5/12*x**4 - 27*x - 3/2*x**2 - 1/20*x**d + 0. Calculate f(-4).
-23
Suppose 1 = -3*v + 3*f - 11, -2*v - 5 = -f. Let j(q) = 20*q**2 + 4*q + 3. What is j(v)?
19
Let j(r) = 16*r**2 - 146*r**2 + 53*r**2 - 1. Calculate j(-1).
-78
Let h(k) = 47822046 + 0*k - k - 47822050. Let o(u) = -u**2 - 8*u + 5. Let i be o(-8). Suppose 0 = i*q - 1 + 11. What is h(q)?
-2
Let r(i) = 12*i - 5. Suppose 5*d - 4*l + 14 - 35 = 0, 8 = -2*l. Give r(d).
7
Let x(v) = v**2 + 16*v + 44. Let i be ((-1 + -1 - -1) + -1)*(63 - 61). Calculate x(i).
-4
Let s(x) = 5*x**3 - x**2 - 5*x + 7. Let r(f) = -14*f**3 + 4*f**2 + 15*f - 20. Let m(k) = -4*r(k) - 11*s(k). Let t(y) = -17*y + 57. Let a be t(3). What is m(a)?
9
Suppose 7*k - 20 = 3*k. Suppose k = x - 2*x. Let z(g) be the second derivative of g**4/12 + g**3 + 7*g**2/2 - 3084*g. Determine z(x).
2
Let m = 11669 + -11677. Let d(u) = -11*u + 12. Give d(m).
100
Suppose 50*a = -52*a + 22*a + 800. Let z(m) = -9*m + 82. Calculate z(a).
-8
Suppose 16 = 2*b - 2*c, -5*c + 11 - 41 = 5*b. Let z(r) = r**3 - 4*r**2 - 5*r + 8. What is z(b)?
0
Let p(k) = -2*k**2 + 15*k + 4. Suppose -35*g + 1170 = -300. Suppose 40 = -g*w + 47*w. Give p(w).
-4
Let h(u) = -u**2 + 9*u + 12. Let l = 520 + -515. Suppose -3*k = l*x - 30, -x = -4*k + 40 - 0. Determine h(k).
2
Let o(f) = 11*f. Let v(z) = 1. Let c(u) = -18*u - 3. Let k(s) = -c(s) - 3*v(s). Let h(d) = 3*k(d) - 5*o(d). Determine h(-1).
1
Let j(k) = 538*k + 97. Let q(x) = 98*x + 19. Let f(i) = -2*j(i) + 11*q(i). What is f(11)?
37
Let t(c) = -2*c**2 - 4*c + 3. Let b(v) = -2*v**2 - 4*v + 2. Let r(n) = -3*b(n) + 2*t(n). Suppose 2 = -13*i - 11. Let p be -3*2 + i + 4. Calculate r(p).
6
Let v(q) = 329*q**2 - 4*q + 6*q + 1 - 330*q**2. Let m = -1 - -3. Suppose 0 = -0*p - m*p + 2*a - 10, -3*p = -a + 11. What is v(p)?
-14
Let r be (4/6)/((-24)/(-8964)). Let d(m) = -125*m + r*m - 126*m. Let o(n) = 11*n + 1. Let i(j) = -5*d(j) - o(j). Determine i(-1).
0
Let x(m) = m**3 - 10*m**2 + 9*m - 10. Let o be (-100)/125*(-5)/2. Suppose 0 = h + t - 8, t + 39 - 20 = o*h. What is x(h)?
-10
Let d(g) be the first derivative of g**4/2 + g**2 - 668. What is d(2)?
20
Let v(b) be the first derivative of b**3/6 - 6*b**2 - 2*b + 82. Let j(h) be the first derivative of v(h). Calculate j(16).
4
Let b(j) = -21*j + 56. Let q(t) = 10*t - 32. Let x(l) = 3*b(l) + 5*q(l). What is x(3)?
-31
Let b(k) be the second derivative of k**5/20 - k**4/2 - 5*k**3/3 + 12*k**2 - 3226*k. What is b(7)?
3
Suppose 4*a + 382*b - 387*b = 63, -4*a = -3*b - 49. Let j(m) = -m**2 - 5*m + 4. Determine j(a).
-80
Let u(z) be the second derivative of -3*z**5/20 + z**4/6 + z**3/6 - 3*z**2 - 3058*z. Give u(-2).
24
Let r be -7 - (2 - (4 + 0)). Let y(q) = q**2 - q - 1. Let i(f) = -6*f**2 + 13*f - 5. Let w(k) = r*y(k) - i(k). Determine w(7).
3
Let i(w) be the first derivative of -2*w + 1/3*w**3 + 1/4*w**4 - 1/2*w**2 - 36. Let a = -26 + 24. What is i(a)?
-4
Let x = -119 - -84. Let n = -30 - x. Let c(y) = n + 1 - 4*y + 4*y - y**3 + 7*y**2. Determine c(7).
6
Let a(p) = -p**3 + 4*p**2 + 2*p - 1. Suppose -333 = 7*y + 31. Let k = 55 + y. Give a(k).
14
Let l(k) = k**3 + 7*k**2 + 8*k + 4. Suppose -5*n - 4*z - 31 = -391, -2*n = 3*z - 151. Suppose -23*m - 47 - n = 0. Determine l(m).
14
Let s(z) = -1 - z**2 + 2*z + z + z. Let t be s(3). Let g(v) = v + 1495 + 1493 + 5*v - 2991. Give g(t).
9
Let r(h) = -h**2 - 3*h + 25. Let z(f) = -2*f**2 - f + 16. Let c(n) = -2*r(n) + 3*z(n). Give c(1).
-3
Let b(w) = 725 - 1398 - 11*w + 691 - w**2. What is b(-9)?
36
Let d be (-8)/10*-10 - 5*1. Let a(v) = v - 1. Let m(p) = 2*p - 1. Let o(w) = d*m(w) - 8*a(w). Calculate o(0).
5
Let s(v) = -20*v + 63. Let y be s(3). Let d(w) = -7*w**2 - 3 - 4 + w**2. Let a(x) = -5*x**2 - 5. Let n(c) = y*a(c) - 2*d(c). Give n(1).
-4
Suppose 0 = -4*o - 4, -4 = -3*p + 3*o - 1. Suppose p = 19*z + 21 - 2. Let l(m) = 10*m**3 - 2*m - 1. Determine l(z).
-9
Suppose 0*j + i + 2 = 5*j, 2*j + 2 = -i. Let x(d) be the second derivative of -d**3/6 + 7*d**2/2 - 13*d + 67. What is x(j)?
7
Let l(f) = -286*f**2 + 6*f + 671*f**2 - 14 - 384*f**2 + 3*f. What is l(-11)?
8
Let b(z) be the third derivative of 0 - 12*z**2 - 2/3*z**3 + 0*z - 1/24*z**4. Suppose -4*g = -28 + 8. Give b(g).
-9
Suppose 103 = -g + 100. Let z(v) be the first derivative of -7 + 2*v**2 + v + 1/3*v**3. Determine z(g).
-2
Let f(d) = 30*d - 10*d + 142 - 12*d - 9*d - 92. Give f(6).
44
Let y(n) = -3*n + 60. Let b(v) = v - 25. Let r(j) = 10*b(j) + 4*y(j). What is r(-6)?
2
Let o(c) = 24*c + 26*c + 21*c - 72*c - 7. What is o(19)?
-26
Let z(v) be the second derivative of v**3/3 - 11*v**2/2 - 3*v - 526. Determine z(7).
3
Let d(o) = o**3 - o**2 - 2*o - 4. Let v(r) = -r**3 + 60*r**2 - 417*r + 55. Let u be v(52). Determine d(u).
8
Let b(o) = 3*o**2 - 19*o - 2. Let h(u) = -u**3 + 22*u**2 - 40*u + 405. Let s be h(21). Calculate b(s).
-8
Let v(x) = -74*x**2 + 112 + 19*x**2 + 16*x**2 + 11*x + 15*x**2 + 23*x**2. Determine v(18).
-14
Let x(k) = -105*k - 880*k**2 + 881*k**2 - 25*k**3 - 1 + 104*k. Determine x(-1).
26
Let j(q) = q**3 + 8*q**2 + 9*q + 28. Let d(m) = 21*m - 112. Let s be d(5). Give j(s).
14
Let y(w) = -w - 10. Let t be (-2)/(-6) - (-40)/(-15)*-1. Suppose 15 = t*d + 348. Let k = d - -101. Calculate y(k).
0
Let d(n) = n**3 - 6*n**2 + 11*n - 4. Let z(m) = 4*m**3 - 22*m**2 + 45*m - 16. Let u(r) = -9*d(r) + 2*z(r). Suppose -4*w - w = -45. What is u(w)?
4
Let u(t) = -t**2 + 9*t - 15. Suppose 5*x - 6 - 29 = 0. Let d be u(x). Let q(f) be the third derivative of 23*f**5/60 - f**3/6 + 5*f**2. What is q(d)?
22
Let v(g) = -g**2 - 7*g + 11. Let o(b) = -b**2 - 6*b + 9. Let k be ((-10)/(-30))/(5/(-45)). Let i(z) = k*o(z) + 2*v(z). Let f be (-18)/4 + (-1)/2. Give i(f).
0
Let j(f) = 15*f + 4. Let r(c) = 4*c + 1. Let m(t) = j(t) - 4*r(t). Let x(h) = -7*h + 5. Let g = 0 - 1. Let q(n) = g*x(n) + 6*m(n). Calculate